{"id":891,"date":"2018-08-30T14:21:11","date_gmt":"2018-08-30T17:21:11","guid":{"rendered":"https:\/\/ieselizalde-ers.infd.edu.ar\/sitio\/autoridades\/"},"modified":"2025-06-02T19:48:48","modified_gmt":"2025-06-02T22:48:48","slug":"autoridades","status":"publish","type":"page","link":"https:\/\/ieselizalde-ers.infd.edu.ar\/sitio\/autoridades\/","title":{"rendered":"Autoridades"},"content":{"rendered":"\n<!DOCTYPE html>\n<html lang=\"es\">\n<head>\n    <meta charset=\"UTF-8\">\n    <meta name=\"viewport\" content=\"width=device-width, initial-scale=1.0\">\n    <meta name=\"description\" content=\"Autoridades del Instituto Superior Elizalde\">\n    <meta name=\"keywords\" content=\"autoridades, instituto, educaci\u00f3n, rector, secretaria\">\n    <meta name=\"author\" content=\"Instituto Superior Elizalde\">\n    <title>Autoridades &#8211; Instituto Superior Elizalde<\/title>\n    <!-- Font Awesome Icons -->\n    <link rel=\"stylesheet\" href=\"https:\/\/cdnjs.cloudflare.com\/ajax\/libs\/font-awesome\/6.5.0\/css\/all.min.css \">\n    <style>\n        body {\n            font-family: 'Arial', sans-serif;\n            margin: 0;\n            padding: 0;\n            line-height: 1.6;\n            color: #333;\n            background-color: #f9f9f9;\n        }\n        header {\n            background-color: #1a73e8; \/* Azul suave *\/\n            color: white;\n            text-align: center;\n            padding: 2rem 1rem;\n        }\n        header h1 {\n            font-size: 2.5rem;\n            margin: 0;\n        }\n        .container {\n            max-width: 1200px;\n            margin: 0 auto;\n            padding: 2rem;\n        }\n        .section {\n            margin-bottom: 2rem;\n        }\n        .section h2 {\n            font-size: 2rem;\n            color: #1a73e8; \/* Azul suave *\/\n            margin-bottom: 1rem;\n            text-align: center;\n        }\n        .authority-card {\n            display: flex;\n            align-items: center;\n            background-color: #ffffff;\n            border: 1px solid #ddd;\n            border-radius: 8px;\n            padding: 1.5rem;\n            box-shadow: 0 4px 6px rgba(0, 0, 0, 0.1);\n            transition: transform 0.3s ease, box-shadow 0.3s ease;\n            margin-bottom: 1.5rem;\n        }\n        .authority-card:hover {\n            transform: translateY(-5px);\n            box-shadow: 0 6px 12px rgba(0, 0, 0, 0.15);\n        }\n        .authority-card img {\n            width: 100px;\n            height: 100px;\n            border-radius: 50%;\n            margin-right: 1.5rem;\n            object-fit: cover;\n        }\n        .authority-card .info {\n            flex: 1;\n        }\n        .authority-card h3 {\n            font-size: 1.5rem;\n            margin: 0;\n            color: #1a73e8; \/* Azul suave *\/\n        }\n        .authority-card p {\n            margin: 0.5rem 0 0;\n            font-size: 1rem;\n        }\n        .authority-card .role {\n            font-weight: bold;\n            color: #333;\n        }\n\n        \/* Estilo para las secciones de Estamento *\/\n        .team-grid {\n            display: grid;\n            grid-template-columns: repeat(auto-fit, minmax(250px, 1fr));\n            gap: 1.5rem;\n        }\n        .team-member {\n            background-color: #ffffff;\n            border: 1px solid #ddd;\n            border-radius: 8px;\n            padding: 1.5rem;\n            text-align: center;\n            box-shadow: 0 4px 6px rgba(0, 0, 0, 0.1);\n            transition: transform 0.3s ease, box-shadow 0.3s ease;\n        }\n        .team-member:hover {\n            transform: translateY(-3px);\n            box-shadow: 0 6px 12px rgba(0, 0, 0, 0.15);\n        }\n        .team-member i {\n            font-size: 2rem;\n            color: #031a37;\n            margin-bottom: 0.5rem;\n        }\n        .team-member h4 {\n            font-size: 1.2rem;\n            margin: 0.5rem 0 0;\n            color: #132e52;\n        }\n        .team-member p {\n            margin: 0;\n            font-size: 0.9rem;\n        }\n\n        @media (max-width: 768px) {\n            .authority-card {\n                flex-direction: column;\n                text-align: center;\n            }\n            .authority-card img {\n                margin-bottom: 1rem;\n            }\n        }\n\n        \/* Estilo para el Footer *\/\n        footer {\n            background-color: #333; \/* Azul suave *\/\n            color: white;\n            text-align: center;\n            padding: 1.5rem;\n        }\n    <\/style>\n<\/head>\n<body>\n\n    <div class=\"container\">\n        <div class=\"section\">\n            <div class=\"authority-card\">\n                <img decoding=\"async\" src=\"https:\/\/ieselizalde-ers.infd.edu.ar\/sitio\/wp-content\/uploads\/2025\/05\/AngelPastrana.jpeg\" alt=\"Avatar del Rector\">\n                <div class=\"info\">\n                    <h3>Prof. Angel Omar Pastrana Vega<\/h3>\n                    <p class=\"role\">Rector<\/p>\n                    <p>Responsable de la direcci\u00f3n estrat\u00e9gica y acad\u00e9mica del instituto.<\/p>\n                    <p><i class=\"fas fa-envelope\"><\/i> <a href=\"mailto:isfd.gh@entrerios.edu.ar\">isfd.gh@entrerios.edu.ar<\/a><\/p>\n                <\/div>\n            <\/div>\n\n            <div class=\"authority-card\">\n                <img decoding=\"async\" src=\"https:\/\/ieselizalde-ers.infd.edu.ar\/sitio\/wp-content\/uploads\/2025\/06\/leyla.jpg\" alt=\"Avatar del Rector\">\n                <div class=\"info\">\n                    <h3>Prof. Leila Pe\u00f1alba<\/h3>\n                    <p class=\"role\">Secretaria<\/p>\n                    <p>Responsable de la secretaria estrat\u00e9gica y acad\u00e9mica del instituto.<\/p>\n                    <p><i class=\"fas fa-envelope\"><\/i> <a href=\"mailto:isfd.gh@entrerios.edu.ar\">isfd.gh@entrerios.edu.ar<\/a><\/p>\n                <\/div>\n            <\/div>\n\n            <div class=\"authority-card\">\n                <img decoding=\"async\" src=\"https:\/\/ieselizalde-ers.infd.edu.ar\/sitio\/wp-content\/uploads\/2025\/05\/avatar1.webp \" alt=\"Avatar de la Secretaria\">\n                <div class=\"info\">\n                    <h3>Prof. Mar\u00eda de los \u00c1ngeles Morales<\/h3>\n                    <p class=\"role\">Secretaria Acad\u00e9mica<\/p>\n                    <p>Encargada de la gesti\u00f3n acad\u00e9mica y operativa del instituto.<\/p>\n                    <p><i class=\"fas fa-envelope\"><\/i> <a href=\"mailto:sec.academicaelizalde@gmail.com\">sec.academicaelizalde@gmail.com<\/a><\/p>\n                <\/div>\n            <\/div>\n        <\/div>\n\n        <div class=\"section\">\n            <h2 style=\"text-align:start;\">Estamento Docente<\/h2>\n            <div class=\"team-grid\">\n                <div class=\"team-member\">\n                    <i class=\"fas fa-users\"><\/i>\n                    <h4>PROF. BEKER, LUDMILA<\/h4>\n                <\/div>\n                <div class=\"team-member\">\n                    <i class=\"fas fa-users\"><\/i>\n                    <h4>PROF. CAMPOSTRINI, CAROLINA<\/h4>\n                <\/div>\n                <div class=\"team-member\">\n                    <i class=\"fas fa-users\"><\/i>\n                    <h4>PROF. G\u00d3MEZ, BRENDA<\/h4>\n                <\/div>\n                <div class=\"team-member\">\n                    <i class=\"fas fa-users\"><\/i>\n                    <h4>PROF. HEBERLEIN, MARIELA<\/h4>\n                <\/div>\n                <div class=\"team-member\">\n                    <i class=\"fas fa-users\"><\/i>\n                    <h4>PROF. MOLINA, CARLA<\/h4>\n                <\/div>\n                <div class=\"team-member\">\n                    <i class=\"fas fa-users\"><\/i>\n                    <h4>PROF. PELZE, VER\u00d3NICA<\/h4>\n                <\/div>\n                <div class=\"team-member\">\n                    <i class=\"fas fa-users\"><\/i>\n                    <h4>PROF. PERUZZO, EDUARDO<\/h4>\n                <\/div>\n            <\/div>\n        <\/div>\n\n        <div class=\"section\">\n            <h2 style=\"text-align:start;\">Estamento estudiantes<\/h2>\n            <div class=\"team-grid\">\n                <div class=\"team-member\">\n                    <i class=\"fas fa-users\"><\/i>\n                    <h4>G\u00d3MEZ, JULIETA<\/h4>\n                <\/div>\n                <div class=\"team-member\">\n                    <i class=\"fas fa-users\"><\/i>\n                    <h4>HERGENRETHER, DAIANA<\/h4>\n                <\/div>\n                <div class=\"team-member\">\n                    <i class=\"fas fa-users\"><\/i>\n                    <h4>ORU\u00c9, ESTEFANIA<\/h4>\n                <\/div>\n            <\/div>\n        <\/div>\n\n        <div class=\"section\">\n            <h2 style=\"text-align:start;\">Estamento egresados<\/h2>\n            <div class=\"team-grid\">\n                <div class=\"team-member\">\n                    <i class=\"fas fa-users\"><\/i>\n                    <h4>CRUZ, CAMILA<\/h4>\n                <\/div>\n            <\/div>\n        <\/div>\n    <\/div>\n\n    <footer style=\"text-align: center; background-color: #333; color: white; padding: 1.5rem;\">\n        <p>\u00a9 2025 Instituto Superior de Formaci\u00f3n Docente Mar\u00eda In\u00e9s Elizalde. Todos los derechos reservados.<\/p>\n        <p><i class=\"fas fa-envelope\"><\/i><\/p>\n        <p><a href=\"mailto:isfd.gh@entrerios.edu.ar\">Email de Contacto<\/a><\/p>\n    <\/footer>\n<\/body>\n<\/html>\n","protected":false},"excerpt":{"rendered":"<p>Autoridades &#8211; Instituto Superior Elizalde Prof. Angel Omar Pastrana Vega Rector Responsable de la direcci\u00f3n estrat\u00e9gica y acad\u00e9mica del instituto. isfd.gh@entrerios.edu.ar Prof. Leila Pe\u00f1alba Secretaria Responsable de la secretaria estrat\u00e9gica y acad\u00e9mica del instituto. isfd.gh@entrerios.edu.ar Prof. Mar\u00eda de los \u00c1ngeles Morales Secretaria Acad\u00e9mica Encargada de la gesti\u00f3n acad\u00e9mica y operativa del instituto. sec.academicaelizalde@gmail.com Estamento Docente &#8230; <a title=\"Autoridades\" class=\"read-more\" href=\"https:\/\/ieselizalde-ers.infd.edu.ar\/sitio\/autoridades\/\" aria-label=\"More on Autoridades\">[+]<\/a><\/p>\n","protected":false},"author":4927,"featured_media":0,"parent":0,"menu_order":0,"comment_status":"closed","ping_status":"closed","template":"","meta":[],"acf":[],"_links":{"self":[{"href":"https:\/\/ieselizalde-ers.infd.edu.ar\/sitio\/wp-json\/wp\/v2\/pages\/891"}],"collection":[{"href":"https:\/\/ieselizalde-ers.infd.edu.ar\/sitio\/wp-json\/wp\/v2\/pages"}],"about":[{"href":"https:\/\/ieselizalde-ers.infd.edu.ar\/sitio\/wp-json\/wp\/v2\/types\/page"}],"author":[{"embeddable":true,"href":"https:\/\/ieselizalde-ers.infd.edu.ar\/sitio\/wp-json\/wp\/v2\/users\/4927"}],"replies":[{"embeddable":true,"href":"https:\/\/ieselizalde-ers.infd.edu.ar\/sitio\/wp-json\/wp\/v2\/comments?post=891"}],"version-history":[{"count":35,"href":"https:\/\/ieselizalde-ers.infd.edu.ar\/sitio\/wp-json\/wp\/v2\/pages\/891\/revisions"}],"predecessor-version":[{"id":1355,"href":"https:\/\/ieselizalde-ers.infd.edu.ar\/sitio\/wp-json\/wp\/v2\/pages\/891\/revisions\/1355"}],"wp:attachment":[{"href":"https:\/\/ieselizalde-ers.infd.edu.ar\/sitio\/wp-json\/wp\/v2\/media?parent=891"}],"curies":[{"name":"wp","href":"https:\/\/api.w.org\/{rel}","templated":true}]}}